n 201 is divided by 12?
9
Calculate the remainder when 184 is divided by 37.
36
Calculate the remainder when 16079 is divided by 134.
133
What is the remainder when 14511 is divided by 246?
243
What is the remainder when 447 is divided by 14?
13
What is the remainder when 235 is divided by 49?
39
What is the remainder when 292 is divided by 50?
42
Calculate the remainder when 3101 is divided by 1025.
26
Calculate the remainder when 2700 is divided by 62.
34
What is the remainder when 311 is divided by 117?
77
Calculate the remainder when 95 is divided by 21.
11
What is the remainder when 4550 is divided by 18?
14
What is the remainder when 466 is divided by 147?
25
Calculate the remainder when 5471 is divided by 38.
37
What is the remainder when 556 is divided by 276?
4
What is the remainder when 29 is divided by 18?
11
What is the remainder when 44 is divided by 38?
6
Calculate the remainder when 18687 is divided by 128.
127
What is the remainder when 57 is divided by 13?
5
Calculate the remainder when 1845 is divided by 26.
25
What is the remainder when 186 is divided by 120?
66
Calculate the remainder when 126 is divided by 64.
62
Calculate the remainder when 500 is divided by 19.
6
What is the remainder when 3135 is divided by 256?
63
Calculate the remainder when 510 is divided by 27.
24
What is the remainder when 888 is divided by 10?
8
What is the remainder when 2013 is divided by 21?
18
Calculate the remainder when 791 is divided by 90.
71
What is the remainder when 846 is divided by 6?
0
Calculate the remainder when 1708 is divided by 15.
13
What is the remainder when 5 is divided by 2?
1
Calculate the remainder when 53 is divided by 14.
11
What is the remainder when 1252 is divided by 7?
6
What is the remainder when 30 is divided by 5?
0
Calculate the remainder when 139 is divided by 38.
25
Calculate the remainder when 656 is divided by 131.
1
What is the remainder when 871 is divided by 19?
16
What is the remainder when 167 is divided by 47?
26
Calculate the remainder when 45 is divided by 28.
17
Calculate the remainder when 781 is divided by 8.
5
Calculate the remainder when 123 is divided by 99.
24
What is the remainder when 28 is divided by 19?
9
What is the remainder when 2853 is divided by 119?
116
What is the remainder when 1993 is divided by 396?
13
What is the remainder when 48 is divided by 9?
3
Calculate the remainder when 339 is divided by 38.
35
Calculate the remainder when 56 is divided by 29.
27
Calculate the remainder when 4718 is divided by 16.
14
What is the remainder when 1248 is divided by 305?
28
Calculate the remainder when 129 is divided by 48.
33
Calculate the remainder when 10840 is divided by 16.
8
Calculate the remainder when 277 is divided by 56.
53
What is the remainder when 120 is divided by 44?
32
Calculate the remainder when 247 is divided by 125.
122
What is the remainder when 173 is divided by 37?
25
What is the remainder when 616 is divided by 77?
0
What is the remainder when 212 is divided by 175?
37
What is the remainder when 74 is divided by 28?
18
What is the remainder when 8471 is divided by 37?
35
What is the remainder when 394 is divided by 9?
7
What is the remainder when 1996 is divided by 72?
52
Calculate the remainder when 202 is divided by 82.
38
Calculate the remainder when 23469 is divided by 16.
13
Calculate the remainder when 372 is divided by 94.
90
Calculate the remainder when 333 is divided by 21.
18
Calculate the remainder when 54 is divided by 40.
14
What is the remainder when 1394 is divided by 20?
14
What is the remainder when 54 is divided by 12?
6
What is the remainder when 23 is divided by 5?
3
Calculate the remainder when 4054 is divided by 41.
36
What is the remainder when 482 is divided by 21?
20
Calculate the remainder when 29 is divided by 28.
1
What is the remainder when 1979 is divided by 44?
43
What is the remainder when 103 is divided by 24?
7
What is the remainder when 883 is divided by 26?
25
Calculate the remainder when 427 is divided by 213.
1
What is the remainder when 550 is divided by 105?
25
Calculate the remainder when 111 is divided by 38.
35
What is the remainder when 1036 is divided by 149?
142
What is the remainder when 3314 is divided by 39?
38
What is the remainder when 2413 is divided by 48?
13
What is the remainder when 6725 is divided by 31?
29
Calculate the remainder when 10459 is divided by 32.
27
What is the remainder when 54 is divided by 19?
16
What is the remainder when 1933 is divided by 479?
17
What is the remainder when 151 is divided by 47?
10
What is the remainder when 16411 is divided by 32?
27
What is the remainder when 563 is divided by 97?
78
What is the remainder when 3515 is divided by 82?
71
What is the remainder when 2924 is divided by 25?
24
What is the remainder when 1997 is divided by 111?
110
What is the remainder when 258 is divided by 26?
24
Calculate the remainder when 439 is divided by 78.
49
What is the remainder when 203 is divided by 11?
5
What is the remainder when 137 is divided by 41?
14
Calculate the remainder when 3057 is divided by 153.
150
What is the remainder when 564 is divided by 190?
184
Calculate the remainder when 80 is divided by 9.
8
Calculate the remainder when 270 is divided by 62.
22
Calculate the remainder when 760 is divided by 220.
100
What is the remainder when 220 is divided by 64?
28
Calculate the remainder when 386 is divided by 56.
50
Calculate the remainder when 638 is divided by 327.
311
Calculate the remainder when 583 is divided by 45.
43
Calculate the remainder when 570 is divided by 291.
279
What is the remainder when 183 is divided by 46?
45
Calculate the remainder when 439 is divided by 89.
83
What is the remainder when 201 is divided by 68?
65
What is the remainder when 89 is divided by 35?
19
What is the remainder when 141 is divided by 48?
45
What is the remainder when 404 is divided by 68?
64
Calculate the remainder when 316 is divided by 32.
28
What is the remainder when 155 is divided by 12?
11
Calculate the remainder when 27 is divided by 7.
6
What is the remainder when 322 is divided by 108?
106
Calculate the remainder when 640 is divided by 162.
154
What is the remainder when 377 is divided by 41?
8
What is the remainder when 557 is divided by 36?
17
What is the remainder when 95 is divided by 20?
15
Calculate the remainder when 336 is divided by 131.
74
Calculate the remainder when 1306 is divided by 77.
74
Calculate the remainder when 316 is divided by 42.
22
What is the remainder when 77 is divided by 16?
13
Calculate the remainder when 79 is divided by 17.
11
What is the remainder when 204 is divided by 60?
24
Calculate the remainder when 1982 is divided by 389.
37
What is the remainder when 11 is divided by 11?
0
What is the remainder when 1512 is divided by 101?
98
Calculate the remainder when 468 is divided by 68.
60
What is the remainder when 1620 is divided by 326?
316
What is the remainder when 2576 is divided by 854?
14
Calculate the remainder when 18 is divided by 11.
7
Calculate the remainder when 84 is divided by 75.
9
What is the remainder when 131 is divided by 39?
14
What is the remainder when 3498 is divided by 445?
383
What is the remainder when 2292 is divided by 74?
72
What is the remainder when 110 is divided by 15?
5
What is the remainder when 143 is divided by 119?
24
Calculate the remainder when 1409 is divided by 47.
46
Calculate the remainder when 116 is divided by 74.
42
What is the remainder when 33 is divided by 31?
2
Calculate the remainder when 472 is divided by 95.
92
What is the remainder when 239 is divided by 48?
47
Calculate the remainder when 882 is divided by 115.
77
What is the remainder when 1030 is divided by 29?
15
Calculate the remainder when 72 is divided by 25.
22
Calculate the remainder when 5039 is divided by 105.
104
Calculate the remainder when 18 is divided by 10.
8
Calculate the remainder when 921 is divided by 158.
131
Calculate the remainder when 3314 is divided by 107.
104
Calculate the remainder when 263 is divided by 120.
23
What is the remainder when 51 is divided by 22?
7
Calculate the remainder when 6189 is divided by 144.
141
What is the remainder when 826 is divided by 92?
90
Calculate the remainder when 202 is